{"id":74,"date":"2017-08-15T14:58:04","date_gmt":"2017-08-15T14:58:04","guid":{"rendered":"https:\/\/cliente234.inverta.org\/?page_id=74"},"modified":"2025-04-02T11:11:22","modified_gmt":"2025-04-02T14:11:22","slug":"juridico-plantao-de-advogados","status":"publish","type":"page","link":"https:\/\/cliente234.inverta.org\/?page_id=74","title":{"rendered":"Jur\u00eddico"},"content":{"rendered":"<p>[et_pb_section fb_built=&#8221;1&#8243; _builder_version=&#8221;4.16&#8243; global_colors_info=&#8221;{}&#8221;][et_pb_row _builder_version=&#8221;4.16&#8243; background_size=&#8221;initial&#8221; background_position=&#8221;top_left&#8221; background_repeat=&#8221;repeat&#8221; global_colors_info=&#8221;{}&#8221;][et_pb_column type=&#8221;4_4&#8243; _builder_version=&#8221;4.16&#8243; custom_padding=&#8221;|||&#8221; global_colors_info=&#8221;{}&#8221; custom_padding__hover=&#8221;|||&#8221;][et_pb_text _builder_version=&#8221;4.16&#8243; global_colors_info=&#8221;{}&#8221;] A atua\u00e7\u00e3o jur\u00eddica do SNM, compreende a assist\u00eancia \u00e0 categoria nas \u00e1reas do direito civil (estadual e federal), trabalhista e previdenci\u00e1ria (administrativo e judicial), al\u00e9m da milit\u00e2ncia em a\u00e7\u00f5es de defesa do patrim\u00f4nio p\u00fablico e lutas nacionais que objetivam a manuten\u00e7\u00e3o dos direitos e garantias constitucionais da classe trabalhadora.<\/p>\n<p>As constantes mudan\u00e7as no mundo do trabalho, exigem redobrados esfor\u00e7os no sentido de manter permanente atualiza\u00e7\u00e3o e estudos dos problemas ocorrentes nas rela\u00e7\u00f5es de produ\u00e7\u00e3o. Nessa perspectiva, n\u00e3o obstante o trabalho da diretoria junto aos \u00f3rg\u00e3o dos poderes executivo, judici\u00e1rio e legislativo, somos assessorados por um corpo jur\u00eddico especializado em quest\u00f5es sindicais, atuante nas \u00e1reas do direito individual e coletivo.<br \/>\n[\/et_pb_text][\/et_pb_column][\/et_pb_row][et_pb_row _builder_version=&#8221;4.16&#8243; custom_padding=&#8221;25.6px|0px|24px|0px&#8221; global_colors_info=&#8221;{}&#8221;][et_pb_column type=&#8221;4_4&#8243; _builder_version=&#8221;4.16&#8243; custom_padding=&#8221;|||&#8221; global_colors_info=&#8221;{}&#8221; custom_padding__hover=&#8221;|||&#8221;][et_pb_text _builder_version=&#8221;4.16&#8243; module_alignment=&#8221;left&#8221; border_style=&#8221;solid&#8221; global_colors_info=&#8221;{}&#8221;]<\/p>\n<h2>Atendimento jur\u00eddico<\/h2>\n<p>Nosso servi\u00e7o de assist\u00eancia jur\u00eddica funciona no hor\u00e1rio de 9:30 \u00e0s 16:30 horas, os atendimentos na Sede Social (Av. Padre Guilherme Decaminada, 1825, Santa Cruz, Rio de Janeiro &#8211; RJ) s\u00e3o realizados por hora marcada, onde os associados dever\u00e3o fazer contato atrav\u00e9s do telefone 3395-0698 ou 99841-5559 para realizar o agendamento.<\/p>\n<p style=\"font-weight: 400;\"><strong>PLANT\u00d5ES DOS ADVOGADOS M\u00caS DE ABRIL\/2025<\/strong><\/p>\n<p style=\"font-weight: 400;\"><strong>0<\/strong><strong>3\/04<\/strong>\u00a0\u2013 Dra. Juliana Silveira (Escrit\u00f3rio Garcez) \u2013 C\u00edvel \u2013 SNM Santa Cruz<\/p>\n<p><strong>08\/04<\/strong><span>\u00a0<\/span>\u2013 Dra. Juliana Gon\u00e7alves (Escrit\u00f3rio Garcez) \u2013 Trabalhista \u2013 SNM Santa Cruz<\/p>\n<p><strong>10\/04<\/strong><span>\u00a0<\/span>\u2013 Dra. Gabriela (Silveira, Oliveira E Dos Santos Silveira Sociedade de Advogados) \u2013 C\u00edvel e Previdenci\u00e1rio \u2013 SNM Santa Cruz<\/p>\n<p><strong>17\/04<\/strong><span>\u00a0<\/span>\u2013 Dra. Juliana Silveira (Escrit\u00f3rio Garcez) \u2013 C\u00edvel \u2013 SNM Santa Cruz<\/p>\n<p><strong>22\/04<\/strong><span>\u00a0<\/span>\u2013 Dra. Juliana Gon\u00e7alves (Escrit\u00f3rio Garcez) \u2013 Trabalhista \u2013 SNM Santa Cruz<\/p>\n<p><strong>24\/04<\/strong><span>\u00a0<\/span>\u2013 Dra. Gabriela (Silveira, Oliveira E Dos Santos Silveira Sociedade de Advogados) \u2013 C\u00edvel e Previdenci\u00e1rio \u2013 SNM Santa Cruz<span style=\"font-weight: 400;\"><\/span><\/p>\n<p style=\"font-weight: 400;\">\n<p style=\"font-weight: 400;\"><strong>INFORMAMOS QUE EM VIRTUDE DE AUDI\u00caNCIA PODER\u00c1 OCORRER MUDAN\u00c7A NOS PLANT\u00d5ES<\/strong><\/p>\n<p style=\"font-weight: 400;\"><strong>ATT.<\/strong><\/p>\n<p style=\"font-weight: 400;\"><strong>Ivan Casseres<\/strong><\/p>\n<p style=\"font-weight: 400;\"><strong>Vice-Presidente<\/strong><\/p>\n<h2><\/h2>\n<p>[\/et_pb_text][\/et_pb_column][\/et_pb_row][et_pb_row _builder_version=&#8221;4.16&#8243; global_colors_info=&#8221;{}&#8221;][et_pb_column type=&#8221;4_4&#8243; _builder_version=&#8221;4.16&#8243; custom_padding=&#8221;|||&#8221; global_colors_info=&#8221;{}&#8221; custom_padding__hover=&#8221;|||&#8221;][et_pb_text _builder_version=&#8221;4.16&#8243; global_colors_info=&#8221;{}&#8221;]<\/p>\n<h2>Entrada de Aposentadoria<\/h2>\n<p><strong>1.<\/strong>\u00a0Perfil Profissiogr\u00e1fico e respectivos Laudos T\u00e9cnicos;<br \/>\n<strong>2.<\/strong>\u00a0Todas as Carteira de trabalho e carn\u00eas originais<br \/>\n(x\u00e9rox de todas as folhas escritas);<br \/>\n<strong>3.<\/strong>\u00a0Identidade (original e x\u00e9rox);<br \/>\n<strong>4.<\/strong>\u00a0CPF (original e x\u00e9rox);<br \/>\n<strong>5.<\/strong>\u00a0PIS\/PASEP (original e x\u00e9rox);<br \/>\n<strong>6.<\/strong>\u00a0Comprovante de resid\u00eancia (contas de \u00e1gua, luz,<br \/>\ntelefone ou g\u00e1s, em nome do requerente)<br \/>\n(original e x\u00e9rox);<br \/>\n<strong>7.<\/strong>\u00a0Certid\u00e3o de Casamento ou Nascimento<br \/>\n(original e x\u00e9rox);<br \/>\n<strong>8.<\/strong>\u00a0Certificado de reservista<br \/>\n(original e x\u00e9rox);<br \/>\n[\/et_pb_text][et_pb_text _builder_version=&#8221;4.16&#8243; global_colors_info=&#8221;{}&#8221;]<\/p>\n<h2>DOCUMENTOS NECESS\u00c1RIOS:<\/h2>\n<p>[\/et_pb_text][\/et_pb_column][\/et_pb_row][et_pb_row column_structure=&#8221;1_2,1_2&#8243; _builder_version=&#8221;4.16&#8243; global_colors_info=&#8221;{}&#8221;][et_pb_column type=&#8221;1_2&#8243; _builder_version=&#8221;4.16&#8243; custom_padding=&#8221;|||&#8221; global_colors_info=&#8221;{}&#8221; custom_padding__hover=&#8221;|||&#8221;][et_pb_text _builder_version=&#8221;4.16&#8243; global_colors_info=&#8221;{}&#8221;]<\/p>\n<h3>eiv\u00f3rcio Consensual\/ Litigioso<\/h3>\n<p><strong>1.<\/strong>\u00a0Certid\u00e3o de casamento;<br \/><strong>2.<\/strong>\u00a0Certid\u00e3o de nascimento\/casamento dos filhos (inclusive\u00a0maiores), se for o caso;<br \/><strong>3.<\/strong>\u00a0Carteira de Identidade e CPF dos requerentes;<br \/><strong>4.<\/strong>\u00a0Comprovante de resid\u00eancia (conta de luz, g\u00e1s, etc) dos\u00a0requerentes em nome dos pr\u00f3prios ou declara\u00e7\u00e3o;<br \/><strong>5.<\/strong>\u00a0Documentos relativos aos bens, se for o caso (escritura de compra e venda, promessa de venda ou cess\u00e3o, conta de<br \/>telefone, certificado de propriedade do carro, comprovante de\u00a0dep\u00f3sito em caderneta de poupan\u00e7a, etc);<br \/><strong>6.<\/strong>\u00a0Declara\u00e7\u00e3o ORIGINAL (n\u00e3o precisa autenticar) de que os\u00a0c\u00f4njuges est\u00e3o separadas h\u00e1 mais de 2 (dois) anos (FIRMA<br \/>RECONHECIDA DE 2 (DUAS) TESTEMUNHAS).<\/p>\n<p>&nbsp;<\/p>\n<p><strong>Se o div\u00f3rcio for consensual, \u00e9 necess\u00e1rio o comparecimento do casal;<\/strong><\/p>\n<p><strong>Se o div\u00f3rcio for litigioso, \u00e9 necess\u00e1rio anotar e trazer o endere\u00e7o do outro c\u00f4njuge ou declara\u00e7\u00e3o de aus\u00eancia ORIGINAL (firma reconhecida do requerente), especificamente no caso do div\u00f3rcio litigioso \u00e9 cobrado o valor da tabela da OAB;\u00a0<\/strong><\/p>\n<p><strong>Se j\u00e1 existir processo de alimentos, anotar e trazer o n\u00famero do processo e a vara judicial em que est\u00e1 transitando ou transitou.<\/strong><\/p>\n<p>[\/et_pb_text][\/et_pb_column][et_pb_column type=&#8221;1_2&#8243; _builder_version=&#8221;4.16&#8243; custom_padding=&#8221;|||&#8221; global_colors_info=&#8221;{}&#8221; custom_padding__hover=&#8221;|||&#8221;][\/et_pb_column][\/et_pb_row][\/et_pb_section]<\/p>\n","protected":false},"excerpt":{"rendered":"<p>A atua\u00e7\u00e3o jur\u00eddica do SNM, compreende a assist\u00eancia \u00e0 categoria nas \u00e1reas do direito civil (estadual e federal), trabalhista e previdenci\u00e1ria (administrativo e judicial), al\u00e9m da milit\u00e2ncia em a\u00e7\u00f5es de defesa do patrim\u00f4nio p\u00fablico e lutas nacionais que objetivam a manuten\u00e7\u00e3o dos direitos e garantias constitucionais da classe trabalhadora. As constantes mudan\u00e7as no mundo do [&hellip;]<\/p>\n","protected":false},"author":1,"featured_media":7263,"parent":0,"menu_order":0,"comment_status":"closed","ping_status":"closed","template":"","meta":{"_et_pb_use_builder":"on","_et_pb_old_content":"","_et_gb_content_width":"","jetpack_post_was_ever_published":false,"footnotes":""},"class_list":["post-74","page","type-page","status-publish","has-post-thumbnail","hentry"],"yoast_head":"<!-- This site is optimized with the Yoast SEO plugin v24.8.1 - https:\/\/yoast.com\/wordpress\/plugins\/seo\/ -->\n<title>Jur\u00eddico - Sindicato Nacional dos Moedeiros<\/title>\n<meta name=\"robots\" content=\"index, follow, max-snippet:-1, max-image-preview:large, max-video-preview:-1\" \/>\n<link rel=\"canonical\" href=\"https:\/\/cliente234.inverta.org\/?page_id=74\" \/>\n<meta property=\"og:locale\" content=\"pt_BR\" \/>\n<meta property=\"og:type\" content=\"article\" \/>\n<meta property=\"og:title\" content=\"Jur\u00eddico - Sindicato Nacional dos Moedeiros\" \/>\n<meta property=\"og:description\" content=\"A atua\u00e7\u00e3o jur\u00eddica do SNM, compreende a assist\u00eancia \u00e0 categoria nas \u00e1reas do direito civil (estadual e federal), trabalhista e previdenci\u00e1ria (administrativo e judicial), al\u00e9m da milit\u00e2ncia em a\u00e7\u00f5es de defesa do patrim\u00f4nio p\u00fablico e lutas nacionais que objetivam a manuten\u00e7\u00e3o dos direitos e garantias constitucionais da classe trabalhadora. As constantes mudan\u00e7as no mundo do [&hellip;]\" \/>\n<meta property=\"og:url\" content=\"https:\/\/cliente234.inverta.org\/?page_id=74\" \/>\n<meta property=\"og:site_name\" content=\"Sindicato Nacional dos Moedeiros\" \/>\n<meta property=\"article:publisher\" content=\"https:\/\/www.facebook.com\/Sindicato-Nacional-dos-Moedeiros-455632134612861\/\" \/>\n<meta property=\"article:modified_time\" content=\"2025-04-02T14:11:22+00:00\" \/>\n<meta property=\"og:image\" content=\"https:\/\/cliente234.inverta.org\/wp-content\/uploads\/2018\/05\/20180503_003249.jpg\" \/>\n\t<meta property=\"og:image:width\" content=\"521\" \/>\n\t<meta property=\"og:image:height\" content=\"469\" \/>\n\t<meta property=\"og:image:type\" content=\"image\/jpeg\" \/>\n<meta name=\"twitter:card\" content=\"summary_large_image\" \/>\n<meta name=\"twitter:label1\" content=\"Est. tempo de leitura\" \/>\n\t<meta name=\"twitter:data1\" content=\"4 minutos\" \/>\n<script type=\"application\/ld+json\" class=\"yoast-schema-graph\">{\"@context\":\"https:\/\/schema.org\",\"@graph\":[{\"@type\":\"WebPage\",\"@id\":\"https:\/\/cliente234.inverta.org\/?page_id=74\",\"url\":\"https:\/\/cliente234.inverta.org\/?page_id=74\",\"name\":\"Jur\u00eddico - Sindicato Nacional dos Moedeiros\",\"isPartOf\":{\"@id\":\"https:\/\/cliente234.inverta.org\/#website\"},\"primaryImageOfPage\":{\"@id\":\"https:\/\/cliente234.inverta.org\/?page_id=74#primaryimage\"},\"image\":{\"@id\":\"https:\/\/cliente234.inverta.org\/?page_id=74#primaryimage\"},\"thumbnailUrl\":\"https:\/\/cliente234.inverta.org\/wp-content\/uploads\/2018\/05\/20180503_003249.jpg\",\"datePublished\":\"2017-08-15T14:58:04+00:00\",\"dateModified\":\"2025-04-02T14:11:22+00:00\",\"breadcrumb\":{\"@id\":\"https:\/\/cliente234.inverta.org\/?page_id=74#breadcrumb\"},\"inLanguage\":\"pt-BR\",\"potentialAction\":[{\"@type\":\"ReadAction\",\"target\":[\"https:\/\/cliente234.inverta.org\/?page_id=74\"]}]},{\"@type\":\"ImageObject\",\"inLanguage\":\"pt-BR\",\"@id\":\"https:\/\/cliente234.inverta.org\/?page_id=74#primaryimage\",\"url\":\"https:\/\/cliente234.inverta.org\/wp-content\/uploads\/2018\/05\/20180503_003249.jpg\",\"contentUrl\":\"https:\/\/cliente234.inverta.org\/wp-content\/uploads\/2018\/05\/20180503_003249.jpg\",\"width\":\"521\",\"height\":\"469\"},{\"@type\":\"BreadcrumbList\",\"@id\":\"https:\/\/cliente234.inverta.org\/?page_id=74#breadcrumb\",\"itemListElement\":[{\"@type\":\"ListItem\",\"position\":1,\"name\":\"In\u00edcio\",\"item\":\"https:\/\/cliente234.inverta.org\/\"},{\"@type\":\"ListItem\",\"position\":2,\"name\":\"Jur\u00eddico\"}]},{\"@type\":\"WebSite\",\"@id\":\"https:\/\/cliente234.inverta.org\/#website\",\"url\":\"https:\/\/cliente234.inverta.org\/\",\"name\":\"Sindicato Nacional dos Moedeiros\",\"description\":\"Juntos somos fortes\",\"potentialAction\":[{\"@type\":\"SearchAction\",\"target\":{\"@type\":\"EntryPoint\",\"urlTemplate\":\"https:\/\/cliente234.inverta.org\/?s={search_term_string}\"},\"query-input\":{\"@type\":\"PropertyValueSpecification\",\"valueRequired\":true,\"valueName\":\"search_term_string\"}}],\"inLanguage\":\"pt-BR\"}]}<\/script>\n<!-- \/ Yoast SEO plugin. -->","yoast_head_json":{"title":"Jur\u00eddico - Sindicato Nacional dos Moedeiros","robots":{"index":"index","follow":"follow","max-snippet":"max-snippet:-1","max-image-preview":"max-image-preview:large","max-video-preview":"max-video-preview:-1"},"canonical":"https:\/\/cliente234.inverta.org\/?page_id=74","og_locale":"pt_BR","og_type":"article","og_title":"Jur\u00eddico - Sindicato Nacional dos Moedeiros","og_description":"A atua\u00e7\u00e3o jur\u00eddica do SNM, compreende a assist\u00eancia \u00e0 categoria nas \u00e1reas do direito civil (estadual e federal), trabalhista e previdenci\u00e1ria (administrativo e judicial), al\u00e9m da milit\u00e2ncia em a\u00e7\u00f5es de defesa do patrim\u00f4nio p\u00fablico e lutas nacionais que objetivam a manuten\u00e7\u00e3o dos direitos e garantias constitucionais da classe trabalhadora. As constantes mudan\u00e7as no mundo do [&hellip;]","og_url":"https:\/\/cliente234.inverta.org\/?page_id=74","og_site_name":"Sindicato Nacional dos Moedeiros","article_publisher":"https:\/\/www.facebook.com\/Sindicato-Nacional-dos-Moedeiros-455632134612861\/","article_modified_time":"2025-04-02T14:11:22+00:00","og_image":[{"width":521,"height":469,"url":"https:\/\/cliente234.inverta.org\/wp-content\/uploads\/2018\/05\/20180503_003249.jpg","type":"image\/jpeg"}],"twitter_card":"summary_large_image","twitter_misc":{"Est. tempo de leitura":"4 minutos"},"schema":{"@context":"https:\/\/schema.org","@graph":[{"@type":"WebPage","@id":"https:\/\/cliente234.inverta.org\/?page_id=74","url":"https:\/\/cliente234.inverta.org\/?page_id=74","name":"Jur\u00eddico - Sindicato Nacional dos Moedeiros","isPartOf":{"@id":"https:\/\/cliente234.inverta.org\/#website"},"primaryImageOfPage":{"@id":"https:\/\/cliente234.inverta.org\/?page_id=74#primaryimage"},"image":{"@id":"https:\/\/cliente234.inverta.org\/?page_id=74#primaryimage"},"thumbnailUrl":"https:\/\/cliente234.inverta.org\/wp-content\/uploads\/2018\/05\/20180503_003249.jpg","datePublished":"2017-08-15T14:58:04+00:00","dateModified":"2025-04-02T14:11:22+00:00","breadcrumb":{"@id":"https:\/\/cliente234.inverta.org\/?page_id=74#breadcrumb"},"inLanguage":"pt-BR","potentialAction":[{"@type":"ReadAction","target":["https:\/\/cliente234.inverta.org\/?page_id=74"]}]},{"@type":"ImageObject","inLanguage":"pt-BR","@id":"https:\/\/cliente234.inverta.org\/?page_id=74#primaryimage","url":"https:\/\/cliente234.inverta.org\/wp-content\/uploads\/2018\/05\/20180503_003249.jpg","contentUrl":"https:\/\/cliente234.inverta.org\/wp-content\/uploads\/2018\/05\/20180503_003249.jpg","width":"521","height":"469"},{"@type":"BreadcrumbList","@id":"https:\/\/cliente234.inverta.org\/?page_id=74#breadcrumb","itemListElement":[{"@type":"ListItem","position":1,"name":"In\u00edcio","item":"https:\/\/cliente234.inverta.org\/"},{"@type":"ListItem","position":2,"name":"Jur\u00eddico"}]},{"@type":"WebSite","@id":"https:\/\/cliente234.inverta.org\/#website","url":"https:\/\/cliente234.inverta.org\/","name":"Sindicato Nacional dos Moedeiros","description":"Juntos somos fortes","potentialAction":[{"@type":"SearchAction","target":{"@type":"EntryPoint","urlTemplate":"https:\/\/cliente234.inverta.org\/?s={search_term_string}"},"query-input":{"@type":"PropertyValueSpecification","valueRequired":true,"valueName":"search_term_string"}}],"inLanguage":"pt-BR"}]}},"jetpack_likes_enabled":true,"jetpack-related-posts":[],"jetpack_shortlink":"https:\/\/wp.me\/P9fJKg-1c","jetpack_sharing_enabled":true,"_links":{"self":[{"href":"https:\/\/cliente234.inverta.org\/index.php?rest_route=\/wp\/v2\/pages\/74","targetHints":{"allow":["GET"]}}],"collection":[{"href":"https:\/\/cliente234.inverta.org\/index.php?rest_route=\/wp\/v2\/pages"}],"about":[{"href":"https:\/\/cliente234.inverta.org\/index.php?rest_route=\/wp\/v2\/types\/page"}],"author":[{"embeddable":true,"href":"https:\/\/cliente234.inverta.org\/index.php?rest_route=\/wp\/v2\/users\/1"}],"replies":[{"embeddable":true,"href":"https:\/\/cliente234.inverta.org\/index.php?rest_route=%2Fwp%2Fv2%2Fcomments&post=74"}],"version-history":[{"count":33,"href":"https:\/\/cliente234.inverta.org\/index.php?rest_route=\/wp\/v2\/pages\/74\/revisions"}],"predecessor-version":[{"id":14285,"href":"https:\/\/cliente234.inverta.org\/index.php?rest_route=\/wp\/v2\/pages\/74\/revisions\/14285"}],"wp:featuredmedia":[{"embeddable":true,"href":"https:\/\/cliente234.inverta.org\/index.php?rest_route=\/wp\/v2\/media\/7263"}],"wp:attachment":[{"href":"https:\/\/cliente234.inverta.org\/index.php?rest_route=%2Fwp%2Fv2%2Fmedia&parent=74"}],"curies":[{"name":"wp","href":"https:\/\/api.w.org\/{rel}","templated":true}]}}